{"id":1139,"date":"2020-12-22T18:30:02","date_gmt":"2020-12-23T00:30:02","guid":{"rendered":"https:\/\/slg.gt\/wp2\/producto\/import-placeholder-for-47\/"},"modified":"2025-12-09T09:14:58","modified_gmt":"2025-12-09T15:14:58","slug":"traje-proshield","status":"publish","type":"product","link":"https:\/\/slg.gt\/wp1\/producto\/traje-proshield\/","title":{"rendered":"Traje Proshield"},"content":{"rendered":"<p>Traje Proshield &#8211; Codigo TPRO<\/p>\n<ul>\n<li>Prenda de protecci\u00f3n para exposiciones qu\u00edmicas<\/li>\n<li>Cumple con los est\u00e1ndares europeos categor\u00eda III TIPO 5\/6<\/li>\n<li>Tipo 5: Protecci\u00f3n contra sustancia qu\u00edmicas presentes bajo la forma de part\u00edculas a\u00e9reas solidas<\/li>\n<li>Tipo 6: Protecci\u00f3n limitada frente a las salpicaduras<\/li>\n<li>Protecci\u00f3n electrost\u00e1tica si existe una conexi\u00f3n o tierra adecuada<\/li>\n<li>Protecci\u00f3n contra la contaminaci\u00f3n de part\u00edculas radioactivas<\/li>\n<\/ul>\n","protected":false},"excerpt":{"rendered":"<p>Traje Proshield &#8211; Codigo TPRO<\/p>\n","protected":false},"featured_media":6615,"template":"","meta":{"inline_featured_image":false,"_joinchat":[]},"product_cat":[92],"product_tag":[],"class_list":{"0":"post-1139","1":"product","2":"type-product","3":"status-publish","4":"has-post-thumbnail","6":"product_cat-desechables","8":"first","9":"instock","10":"shipping-taxable","11":"product-type-simple"},"_links":{"self":[{"href":"https:\/\/slg.gt\/wp1\/wp-json\/wp\/v2\/product\/1139","targetHints":{"allow":["GET"]}}],"collection":[{"href":"https:\/\/slg.gt\/wp1\/wp-json\/wp\/v2\/product"}],"about":[{"href":"https:\/\/slg.gt\/wp1\/wp-json\/wp\/v2\/types\/product"}],"wp:featuredmedia":[{"embeddable":true,"href":"https:\/\/slg.gt\/wp1\/wp-json\/wp\/v2\/media\/6615"}],"wp:attachment":[{"href":"https:\/\/slg.gt\/wp1\/wp-json\/wp\/v2\/media?parent=1139"}],"wp:term":[{"taxonomy":"product_cat","embeddable":true,"href":"https:\/\/slg.gt\/wp1\/wp-json\/wp\/v2\/product_cat?post=1139"},{"taxonomy":"product_tag","embeddable":true,"href":"https:\/\/slg.gt\/wp1\/wp-json\/wp\/v2\/product_tag?post=1139"}],"curies":[{"name":"wp","href":"https:\/\/api.w.org\/{rel}","templated":true}]}}