{"id":1157,"date":"2020-12-22T18:30:05","date_gmt":"2020-12-23T00:30:05","guid":{"rendered":"https:\/\/slg.gt\/wp2\/producto\/import-placeholder-for-149\/"},"modified":"2025-12-09T09:18:47","modified_gmt":"2025-12-09T15:18:47","slug":"anteojo-aerodinamico-claro","status":"publish","type":"product","link":"https:\/\/slg.gt\/wp1\/producto\/anteojo-aerodinamico-claro\/","title":{"rendered":"Anteojo Aerodin\u00e1mico Claro"},"content":{"rendered":"<p>Anteojo Aerodin\u00e1mico Claro &#8211; C\u00f3digo AD-CL<\/p>\n<ul>\n<li>Lentes claros resistentes a impactos, abrasivos y salpicaduras<\/li>\n<li>Dise\u00f1o aerodinamico con lente curvo<\/li>\n<li>Absorven 100% los rayos UV<\/li>\n<li>Cumple con la norma ANSI Z87. 1-1989<\/li>\n<\/ul>\n","protected":false},"excerpt":{"rendered":"<p>Anteojo Aerodin\u00e1mico Claro &#8211; C\u00f3digo AD-CL<\/p>\n","protected":false},"featured_media":6633,"template":"","meta":{"inline_featured_image":false,"_joinchat":[]},"product_cat":[92],"product_tag":[],"class_list":{"0":"post-1157","1":"product","2":"type-product","3":"status-publish","4":"has-post-thumbnail","6":"product_cat-desechables","8":"first","9":"instock","10":"shipping-taxable","11":"product-type-simple"},"_links":{"self":[{"href":"https:\/\/slg.gt\/wp1\/wp-json\/wp\/v2\/product\/1157","targetHints":{"allow":["GET"]}}],"collection":[{"href":"https:\/\/slg.gt\/wp1\/wp-json\/wp\/v2\/product"}],"about":[{"href":"https:\/\/slg.gt\/wp1\/wp-json\/wp\/v2\/types\/product"}],"wp:featuredmedia":[{"embeddable":true,"href":"https:\/\/slg.gt\/wp1\/wp-json\/wp\/v2\/media\/6633"}],"wp:attachment":[{"href":"https:\/\/slg.gt\/wp1\/wp-json\/wp\/v2\/media?parent=1157"}],"wp:term":[{"taxonomy":"product_cat","embeddable":true,"href":"https:\/\/slg.gt\/wp1\/wp-json\/wp\/v2\/product_cat?post=1157"},{"taxonomy":"product_tag","embeddable":true,"href":"https:\/\/slg.gt\/wp1\/wp-json\/wp\/v2\/product_tag?post=1157"}],"curies":[{"name":"wp","href":"https:\/\/api.w.org\/{rel}","templated":true}]}}