{"id":1206,"date":"2021-12-02T22:04:23","date_gmt":"2021-12-03T04:04:23","guid":{"rendered":"http:\/\/source.wpopal.com\/radist\/product\/heavy-duty-linen-computer\/"},"modified":"2025-12-09T09:36:42","modified_gmt":"2025-12-09T15:36:42","slug":"heavy-duty-linen-computer","status":"publish","type":"product","link":"https:\/\/slg.gt\/wp1\/producto\/heavy-duty-linen-computer\/","title":{"rendered":"5. Botas de PVC Negra"},"content":{"rendered":"<p>Botas de PVC Negra &#8211; C\u00f3digo PVC-N<\/p>\n<ul>\n<li>Marca DINOSAURIO<\/li>\n<li>Altura 34 cm<\/li>\n<li>impermeables<\/li>\n<li>Construida 100% de PVC<\/li>\n<li>Suela dise\u00f1ada con aditivos\/pol\u00edmeros especiales que garantizan su uso en agua, detergente, aceites, solventes, \u00e1cidos diluidos e hidrocarburos en general<\/li>\n<li>Fabricada con calceta poliester rizado, por lo que es absorbente y fresco<\/li>\n<li>Ca\u00f1a anat\u00f3mica con tal\u00f3n y suela reforzada<\/li>\n<li>Empeine flexible de m\u00e1xima duraci\u00f3n<\/li>\n<\/ul>\n","protected":false},"excerpt":{"rendered":"<p>Botas de PVC Negra &#8211; C\u00f3digo PVC-N<\/p>\n","protected":false},"featured_media":6645,"template":"","meta":{"inline_featured_image":false,"_joinchat":[]},"product_cat":[110],"product_tag":[],"class_list":{"0":"post-1206","1":"product","2":"type-product","3":"status-publish","4":"has-post-thumbnail","6":"product_cat-calzado","8":"first","9":"instock","10":"shipping-taxable","11":"product-type-simple"},"_links":{"self":[{"href":"https:\/\/slg.gt\/wp1\/wp-json\/wp\/v2\/product\/1206","targetHints":{"allow":["GET"]}}],"collection":[{"href":"https:\/\/slg.gt\/wp1\/wp-json\/wp\/v2\/product"}],"about":[{"href":"https:\/\/slg.gt\/wp1\/wp-json\/wp\/v2\/types\/product"}],"wp:featuredmedia":[{"embeddable":true,"href":"https:\/\/slg.gt\/wp1\/wp-json\/wp\/v2\/media\/6645"}],"wp:attachment":[{"href":"https:\/\/slg.gt\/wp1\/wp-json\/wp\/v2\/media?parent=1206"}],"wp:term":[{"taxonomy":"product_cat","embeddable":true,"href":"https:\/\/slg.gt\/wp1\/wp-json\/wp\/v2\/product_cat?post=1206"},{"taxonomy":"product_tag","embeddable":true,"href":"https:\/\/slg.gt\/wp1\/wp-json\/wp\/v2\/product_tag?post=1206"}],"curies":[{"name":"wp","href":"https:\/\/api.w.org\/{rel}","templated":true}]}}