{"id":1217,"date":"2020-12-22T18:30:34","date_gmt":"2020-12-23T00:30:34","guid":{"rendered":"https:\/\/slg.gt\/wp2\/producto\/import-placeholder-for-225\/"},"modified":"2025-11-20T11:51:26","modified_gmt":"2025-11-20T17:51:26","slug":"2-arnes-para-casco","status":"publish","type":"product","link":"https:\/\/slg.gt\/wp1\/producto\/2-arnes-para-casco\/","title":{"rendered":"2. Arnes Para Casco"},"content":{"rendered":"<p><strong>Arnes Para Casco<\/strong><\/p>\n<ul>\n<li>Esta suspensi\u00f3n tipo ratchet est\u00e1 compuesta de polipropileno que es la que rodea la cabeza del usuario. Adem\u00e1s, esta lleva una sudadera de PVC con espuma de poliuretano flexible que est\u00e1 adherida firmemente por una costura frontal \u00a0de tela para brindar mayor frescura y comodidad al usuario, con 4 puntos de anclaje.<\/li>\n<\/ul>\n","protected":false},"excerpt":{"rendered":"<p>Arnes Para Casco<\/p>\n","protected":false},"featured_media":6654,"template":"","meta":{"inline_featured_image":false,"_joinchat":[]},"product_cat":[97],"product_tag":[],"class_list":{"0":"post-1217","1":"product","2":"type-product","3":"status-publish","4":"has-post-thumbnail","6":"product_cat-cascos-y-accesorios","8":"first","9":"instock","10":"shipping-taxable","11":"product-type-simple"},"_links":{"self":[{"href":"https:\/\/slg.gt\/wp1\/wp-json\/wp\/v2\/product\/1217","targetHints":{"allow":["GET"]}}],"collection":[{"href":"https:\/\/slg.gt\/wp1\/wp-json\/wp\/v2\/product"}],"about":[{"href":"https:\/\/slg.gt\/wp1\/wp-json\/wp\/v2\/types\/product"}],"wp:featuredmedia":[{"embeddable":true,"href":"https:\/\/slg.gt\/wp1\/wp-json\/wp\/v2\/media\/6654"}],"wp:attachment":[{"href":"https:\/\/slg.gt\/wp1\/wp-json\/wp\/v2\/media?parent=1217"}],"wp:term":[{"taxonomy":"product_cat","embeddable":true,"href":"https:\/\/slg.gt\/wp1\/wp-json\/wp\/v2\/product_cat?post=1217"},{"taxonomy":"product_tag","embeddable":true,"href":"https:\/\/slg.gt\/wp1\/wp-json\/wp\/v2\/product_tag?post=1217"}],"curies":[{"name":"wp","href":"https:\/\/api.w.org\/{rel}","templated":true}]}}