{"id":1298,"date":"2020-12-22T18:31:26","date_gmt":"2020-12-23T00:31:26","guid":{"rendered":"https:\/\/slg.gt\/wp2\/producto\/import-placeholder-for-317\/"},"modified":"2025-11-20T11:51:33","modified_gmt":"2025-11-20T17:51:33","slug":"gabachas-de-pvc-lisas","status":"publish","type":"product","link":"https:\/\/slg.gt\/wp1\/producto\/gabachas-de-pvc-lisas\/","title":{"rendered":"Gabachas de PVC lisas"},"content":{"rendered":"<p><strong>Gabachas de PVC lisas<\/strong><\/p>\n<ul>\n<li>Composici\u00f3n PVC, acabado liso color blanco y amarillo. Flexibilidad de calidad superior,<\/li>\n<li>Excelente resistencia a pinchazos, grasas, aceites y \u00e1cidos.<\/li>\n<li>Usos: manipulaci\u00f3n y preparaci\u00f3n de alimentos, mantenimiento industrial, proceso de lavado y qu\u00edmicos.<\/li>\n<li>Color: Blanco, amarillo.<\/li>\n<\/ul>\n","protected":false},"excerpt":{"rendered":"<p><strong>Gabachas de PVC lisas<\/strong><\/p>\n","protected":false},"featured_media":6682,"template":"","meta":{"inline_featured_image":false,"_joinchat":[]},"product_cat":[100],"product_tag":[],"class_list":{"0":"post-1298","1":"product","2":"type-product","3":"status-publish","4":"has-post-thumbnail","6":"product_cat-otros","8":"first","9":"instock","10":"shipping-taxable","11":"product-type-simple"},"_links":{"self":[{"href":"https:\/\/slg.gt\/wp1\/wp-json\/wp\/v2\/product\/1298","targetHints":{"allow":["GET"]}}],"collection":[{"href":"https:\/\/slg.gt\/wp1\/wp-json\/wp\/v2\/product"}],"about":[{"href":"https:\/\/slg.gt\/wp1\/wp-json\/wp\/v2\/types\/product"}],"wp:featuredmedia":[{"embeddable":true,"href":"https:\/\/slg.gt\/wp1\/wp-json\/wp\/v2\/media\/6682"}],"wp:attachment":[{"href":"https:\/\/slg.gt\/wp1\/wp-json\/wp\/v2\/media?parent=1298"}],"wp:term":[{"taxonomy":"product_cat","embeddable":true,"href":"https:\/\/slg.gt\/wp1\/wp-json\/wp\/v2\/product_cat?post=1298"},{"taxonomy":"product_tag","embeddable":true,"href":"https:\/\/slg.gt\/wp1\/wp-json\/wp\/v2\/product_tag?post=1298"}],"curies":[{"name":"wp","href":"https:\/\/api.w.org\/{rel}","templated":true}]}}