{"id":1331,"date":"2020-12-22T18:31:50","date_gmt":"2020-12-23T00:31:50","guid":{"rendered":"https:\/\/slg.gt\/wp2\/producto\/import-placeholder-for-392\/"},"modified":"2025-11-27T09:57:26","modified_gmt":"2025-11-27T15:57:26","slug":"monogafa-bsafe","status":"publish","type":"product","link":"https:\/\/slg.gt\/wp1\/producto\/monogafa-bsafe\/","title":{"rendered":"Monogafa BSAFE"},"content":{"rendered":"<p style=\"font-weight: 400;\">Monogafa BSAFE:<\/p>\n<ul>\n<li style=\"font-weight: 400;\">Monogafa de ventilaci\u00f3n indirecta<\/li>\n<li style=\"font-weight: 400;\">Antiempa\u00f1o<\/li>\n<li style=\"font-weight: 400;\">Visor de policarbonato resistente a impacto de part\u00edculas s\u00f3lidas y de algunos agentes qu\u00edmicos.<\/li>\n<li style=\"font-weight: 400;\">Cumple con los requerimientos de las normas ANSI Z87.1. Norma impresa en la parte superior del marco.<\/li>\n<li style=\"font-weight: 400;\">Para mayor soporte banda el\u00e1stica tiene una altura, o ancho de 2\u201d.<\/li>\n<\/ul>\n","protected":false},"excerpt":{"rendered":"<p>Monogafa de ventilaci\u00f3n indirecta<\/p>\n","protected":false},"featured_media":6689,"template":"","meta":{"inline_featured_image":false,"_joinchat":[]},"product_cat":[95],"product_tag":[],"class_list":{"0":"post-1331","1":"product","2":"type-product","3":"status-publish","4":"has-post-thumbnail","6":"product_cat-anteojos","8":"first","9":"instock","10":"shipping-taxable","11":"product-type-simple"},"_links":{"self":[{"href":"https:\/\/slg.gt\/wp1\/wp-json\/wp\/v2\/product\/1331","targetHints":{"allow":["GET"]}}],"collection":[{"href":"https:\/\/slg.gt\/wp1\/wp-json\/wp\/v2\/product"}],"about":[{"href":"https:\/\/slg.gt\/wp1\/wp-json\/wp\/v2\/types\/product"}],"wp:featuredmedia":[{"embeddable":true,"href":"https:\/\/slg.gt\/wp1\/wp-json\/wp\/v2\/media\/6689"}],"wp:attachment":[{"href":"https:\/\/slg.gt\/wp1\/wp-json\/wp\/v2\/media?parent=1331"}],"wp:term":[{"taxonomy":"product_cat","embeddable":true,"href":"https:\/\/slg.gt\/wp1\/wp-json\/wp\/v2\/product_cat?post=1331"},{"taxonomy":"product_tag","embeddable":true,"href":"https:\/\/slg.gt\/wp1\/wp-json\/wp\/v2\/product_tag?post=1331"}],"curies":[{"name":"wp","href":"https:\/\/api.w.org\/{rel}","templated":true}]}}